Let g(v) = -v + 1. Let c be g(-1). Let z be (-2)/c + (3 - 0). Suppose 0 = -z*i + 4*p + 36, -p - 30 = -2*i + p. What is the remainder when 34 is divided by i?
10
What is the remainder when 30 is divided by 5 - (0 + (5 - (-3)/(-1)))?
0
Let p = -17 - -8. Let b(w) = 2*w**2 - 9*w + 12 - 10*w**2 - 2*w**2 - w**3. Calculate the remainder when 35 is divided by b(p).
11
Let t(w) = -w**3 + 7*w**2 - 9*w + 6. Let g be t(6). Let o be (4/(-3))/((-4)/g). What is the remainder when 1 is divided by (o/(-2))/((-2)/(-1))?
0
Suppose -5*i + 0*w + 1016 = 3*w, 2*i - 398 = -4*w. Calculate the remainder when i is divided by 23.
21
Let u be -2*(-3)/(-5 - 1). Let b be u - (1 + 1 - 0). Let c = b + 12. What is the remainder when 25 is divided by c?
7
Let n = 6 - 18. Suppose -j = a - 22, 7*a - 3*a + j - 76 = 0. Calculate the remainder when 34 is divided by (-40)/n*a/5.
10
Suppose o + 3*p = 2*o - 70, 382 = 5*o + p. What is the remainder when o is divided by 20?
16
Let c(b) = 7*b - 17. Let o(a) = -a**2 + a + 1. Let v(k) = -4*k**2 + 6*k + 6. Let z(u) = 3*o(u) - v(u). What is the remainder when z(6) is divided by c(3)?
3
Suppose s + 3*r - 15 = 4*r, r + 71 = 5*s. Calculate the remainder when s is divided by (-10)/8*(14 + -18).
4
Let m(y) = -3*y. Let x be m(-3). Suppose x*a - 4*a = 4*d + 106, 3*a = 4*d + 62. What is the remainder when a is divided by 8?
6
Let f = 10 - -6. Calculate the remainder when 62 is divided by f.
14
Let z(s) = s**3 + 9*s**2 - 11*s + 3. Let d be z(-10). Suppose -3*y = 3*c - 159, c - y - 42 - d = 0. Calculate the remainder when c is divided by 14.
12
Suppose -8*a + 10*a - 36 = 0. Calculate the remainder when 89 is divided by a.
17
Suppose -3*j - 245 = -8*j. Let t = 194 - 177. Calculate the remainder when j is divided by t.
15
Let d = 84 - 43. What is the remainder when 122 is divided by d?
40
Let p(r) = -r**3 + r**2 + 4*r + 3. Let c(m) = -m**2 + 4*m - 2. Let k be c(4). Let y = 10 + -7. What is the remainder when p(k) is divided by y?
1
Suppose -254 + 50 = -4*b. Calculate the remainder when 100 is divided by b.
49
Suppose 0*q - 4*i + 42 = q, 0 = -3*i + 6. Calculate the remainder when 67 is divided by q.
33
Suppose -76 = -4*v + 104. Suppose 4*p - h = -4*h + 99, 2*p - 3*h - v = 0. Calculate the remainder when 46 is divided by p.
22
Let s(a) = 2*a**3 + a**2 + a + 1. Let v be s(-1). Let l(j) = 24*j**2 - 2*j - 1. Let x be l(v). Let f = x - 9. What is the remainder when 47 is divided by f?
15
Suppose -w = 2*n + n, -3*n = -5*w. Suppose w = -y - c + 26, 0 = -c + 1 - 2. What is the remainder when y is divided by 14?
13
Let g = -12 + 48. What is the remainder when g is divided by (171/36)/((-1)/(-4))?
17
Suppose -j = 4*o + 10 - 55, -5*j + 38 = 3*o. Calculate the remainder when (9 - 11)*(-9 + -1) is divided by o.
9
Let i = 51 - 12. What is the remainder when 29 is divided by -3 + i/(9/3)?
9
Let n(f) = -42*f**3 + 2*f**2 + f. Let j be n(-1). Let c = -20 + j. What is the remainder when 45 is divided by c?
22
Let z be ((-4)/10)/(2/(-20)). Suppose 19 = q + z*n, -3*q + 2*n = 24 - 123. Calculate the remainder when q is divided by 16.
15
Let c(p) = -3 + 0*p + 0*p + p. Let k = -3 - -5. What is the remainder when k is divided by c(4)?
0
Suppose 0 = -2*s + 3*y + 85 - 20, 200 = 5*s + 5*y. Calculate the remainder when s is divided by 3.
1
Let q = 2 - -1. Suppose -25 = -4*g + 2*z - q, 4*g - z = 25. Calculate the remainder when (26/(-2))/(3 - 4) is divided by g.
6
Suppose -196 = 4*k - 4*j, -3*k - 61 - 96 = -5*j. What is the remainder when 41 is divided by (k/(-10))/(1/5)?
19
Let a = 103 + -100. What is the remainder when (2/3)/(2/21) is divided by a?
1
Let k(y) = y**2 - 3*y + 5. Let i(u) = u**3 - u**2 - 4*u + 2. What is the remainder when i(4) is divided by k(4)?
7
Suppose -1 = -2*q + 3. Suppose b = -5*y - 3*b + 13, q*b - 6 = -2*y. Let n(l) = 51*l**2 - 1. What is the remainder when n(y) is divided by 17?
16
Suppose 0 = -12*k + 9*k + 111. What is the remainder when 71 is divided by k?
34
Let w = 35 + 0. What is the remainder when 136 is divided by w?
31
Let l(m) be the third derivative of m**5/60 + 19*m**3/3 + m**2. What is the remainder when l(0) is divided by (1/(-10)*-16)/(8/100)?
18
Suppose 3 = -9*w + 10*w. What is the remainder when 82 is divided by (1 + w)/(4/28)?
26
Let c(a) = a**2 - 6*a - 1. Calculate the remainder when c(11) is divided by 19.
16
Suppose -5*x - 5*n = -3*x - 50, 4*x + 4*n - 112 = 0. Calculate the remainder when 88 is divided by x.
28
Let k(l) = 18*l - 3. Calculate the remainder when 96 is divided by k(2).
30
Suppose r + 3*c - 11 - 3 = 0, 3*r - 2*c = 9. What is the remainder when r is divided by 3?
2
What is the remainder when (-114)/(-7) + 4/(-14) is divided by 10?
6
Let z(k) = 2*k**2 + 2*k + 1. Let f be z(-2). Suppose 0 = -4*b + f*b - 15. Let j(u) = u**3 + u + 8. Calculate the remainder when b is divided by j(0).
7
Let p(a) = 10*a**2 - a - 1. Calculate the remainder when p(-2) is divided by 22.
19
Calculate the remainder when 32 is divided by (0 + (-3)/6)/((-3)/102).
15
Let n = 54 - 17. Let d = -1 - -2. Calculate the remainder when n is divided by 12/d + (0 - -1).
11
Let j = 56 + -17. Calculate the remainder when j is divided by 10.
9
Let p(m) = 6*m - 52. Calculate the remainder when 93 is divided by p(14).
29
Suppose q - 43 = -3*o, 3*q - 112 = o + 37. What is the remainder when q is divided by 17?
15
Suppose 4*d - 4*u = 8*d - 8, -5*u - 32 = -2*d. Suppose -d*i + i + 30 = 0. Suppose -130 = m - i*m. What is the remainder when m is divided by 9?
8
Let o = -19 - -5. Let l(j) = j + 18. Let p be l(o). Calculate the remainder when 30 is divided by 44/16*p/1.
8
Suppose -28*y + 31*y - 21 = 0. What is the remainder when 13 is divided by y?
6
Let n(u) = u + 21. Calculate the remainder when n(-12) is divided by 3.
0
Let b be (-7)/(-14) + (-502)/4. Let n = 182 + b. Calculate the remainder when n is divided by 15.
12
Let n(t) = -4*t**2 - 6*t + 2. Let w(u) = -5*u**2 - 7*u + 1. Let s(z) = -4*n(z) + 3*w(z). Calculate the remainder when s(2) is divided by 4.
1
Suppose r + 16 = 3*m - 1, -2*m + 2*r = -6. Suppose m*l - 4*l - 3 = 0. Calculate the remainder when 2 is divided by l.
0
Let o(g) = g**2 + 3*g + 2. Let u be o(-5). Suppose -4*d - d + u = l, 4*l = -d + 10. Suppose 0 = -d*t - 2*t + 40. Calculate the remainder when t is divided by 6.
4
Suppose y + 19 = 5*a - a, -5*y + 4*a - 79 = 0. Let t = -140 - y. Calculate the remainder when 2/(-3) + t/(-3) is divided by 14.
13
Suppose -3*g - 1 - 1 = -n, -n = -5*g - 2. Suppose 41 = n*p - 137. What is the remainder when p is divided by 23?
20
Suppose 0 = -6*m + 297 - 51. Calculate the remainder when m is divided by 4.
1
Let r be (-1 - 1)/(2/(-8)). Suppose -4*g - g = -10. What is the remainder when g is divided by r/(-12)*6/(-4)?
0
Suppose 0 = 4*n + t + 2*t - 145, -2*t = 2. Calculate the remainder when n is divided by 10.
7
Let s(r) = -8*r - 18. Suppose 3*n = 27 + 21. Calculate the remainder when s(-8) is divided by n.
14
Suppose -2*y - 6 = c, -2*y - 17 = -5*c - 107. Let x = c + 30. Calculate the remainder when x is divided by 5.
4
Let z = -123 - -241. Calculate the remainder when z is divided by 60.
58
Suppose 2*d - 35 = 5*k - 0*k, 0 = 5*d - k - 99. Suppose 3*o - 2*o + 43 = -4*i, -o - 3 = 0. What is the remainder when d is divided by 4/i + (-57)/(-5)?
9
Let f = 136 + -92. Let u = -31 + f. Calculate the remainder when u is divided by ((-10)/4)/((-1)/2).
3
Suppose -1 + 5 = -2*q. Calculate the remainder when q/11 - (-3479)/77 is divided by 23.
22
Let f(h) = -h**2 + 17*h + 57. What is the remainder when f(19) is divided by 7?
5
Suppose 5*z + 646 = z + 2*u, -z - 169 = -2*u. Let t be (3 + 1)*z/(-12). Suppose -r + t = 16. What is the remainder when r is divided by 13?
11
Suppose 3*d = 5*p + 35, 2*p - d + 14 = 1. What is the remainder when 4 is divided by (2 - p)*1/2?
1
Suppose 0 = -7*u - 2*u + 225. What is the remainder when u is divided by 4?
1
Let k(c) = c - 11. What is the remainder when 17 is divided by k(16)?
2
Let p be ((-6)/(1 - 2))/(-2). Calculate the remainder when 26 is divided by 3 + 16/(1 - p).
5
Let a(k) = k + 32. Let m be 2/(-6) - 287/21. Calculate the remainder when 70 is divided by a(m).
16
Let n be 1 - (-115 - (0 - 0)). Suppose 3*j + 2 - n = 0. What is the remainder when j is divided by 23 + (-2 - (0 + 1))?
18
Suppose -4*c - 5